er when 208969 is divided by 587.
584
What is the remainder when 10277 is divided by 10234?
43
What is the remainder when 8863 is divided by 32?
31
What is the remainder when 72510 is divided by 12082?
18
What is the remainder when 310 is divided by 260?
50
What is the remainder when 590041 is divided by 65560?
1
Calculate the remainder when 55331 is divided by 6915.
11
Calculate the remainder when 7131301 is divided by 29.
27
What is the remainder when 2069 is divided by 96?
53
Calculate the remainder when 123782 is divided by 17677.
43
Calculate the remainder when 342 is divided by 63.
27
What is the remainder when 150838 is divided by 533?
532
Calculate the remainder when 39323 is divided by 4914.
11
Calculate the remainder when 5345 is divided by 483.
32
Calculate the remainder when 73146 is divided by 6091.
54
Calculate the remainder when 6479 is divided by 2159.
2
What is the remainder when 5045 is divided by 1655?
80
What is the remainder when 2026 is divided by 1890?
136
What is the remainder when 134939 is divided by 10?
9
Calculate the remainder when 29715 is divided by 540.
15
Calculate the remainder when 1178280 is divided by 157.
152
Calculate the remainder when 22824 is divided by 11383.
58
What is the remainder when 542 is divided by 522?
20
Calculate the remainder when 2857363 is divided by 987.
985
Calculate the remainder when 94463 is divided by 72.
71
Calculate the remainder when 8368 is divided by 131.
115
Calculate the remainder when 584919 is divided by 304.
23
What is the remainder when 7159 is divided by 168?
103
What is the remainder when 16502 is divided by 784?
38
Calculate the remainder when 25689 is divided by 35.
34
Calculate the remainder when 8415 is divided by 20.
15
Calculate the remainder when 2029 is divided by 994.
41
What is the remainder when 281 is divided by 262?
19
What is the remainder when 5668 is divided by 142?
130
What is the remainder when 403 is divided by 377?
26
What is the remainder when 4827 is divided by 4505?
322
What is the remainder when 1608 is divided by 593?
422
What is the remainder when 8562 is divided by 475?
12
Calculate the remainder when 6504 is divided by 2151.
51
What is the remainder when 2181403 is divided by 15?
13
Calculate the remainder when 4970 is divided by 2470.
30
What is the remainder when 2896 is divided by 421?
370
What is the remainder when 26404 is divided by 154?
70
Calculate the remainder when 536 is divided by 122.
48
What is the remainder when 18323 is divided by 1410?
1403
Calculate the remainder when 15532 is divided by 71.
54
Calculate the remainder when 11651 is divided by 47.
42
What is the remainder when 12930 is divided by 267?
114
Calculate the remainder when 7692 is divided by 2530.
102
What is the remainder when 322733 is divided by 660?
653
What is the remainder when 191944 is divided by 9?
1
What is the remainder when 17556 is divided by 1753?
26
Calculate the remainder when 19889 is divided by 144.
17
What is the remainder when 11659 is divided by 288?
139
Calculate the remainder when 732 is divided by 27.
3
What is the remainder when 87861 is divided by 86?
55
What is the remainder when 4799 is divided by 150?
149
What is the remainder when 51903 is divided by 155?
133
Calculate the remainder when 11693 is divided by 1167.
23
What is the remainder when 517 is divided by 236?
45
What is the remainder when 492965 is divided by 1377?
1376
Calculate the remainder when 42169 is divided by 52.
49
What is the remainder when 842109 is divided by 731?
728
What is the remainder when 371058 is divided by 890?
818
What is the remainder when 801985 is divided by 591?
589
What is the remainder when 485455 is divided by 236?
3
What is the remainder when 46505 is divided by 2113?
19
Calculate the remainder when 24476 is divided by 120.
116
Calculate the remainder when 30610 is divided by 2.
0
Calculate the remainder when 2073 is divided by 258.
9
Calculate the remainder when 11303 is divided by 44.
39
Calculate the remainder when 208287 is divided by 26035.
7
Calculate the remainder when 20470 is divided by 1976.
710
Calculate the remainder when 3622 is divided by 1007.
601
What is the remainder when 337640 is divided by 112539?
23
Calculate the remainder when 477703 is divided by 135.
73
Calculate the remainder when 17029 is divided by 91.
12
Calculate the remainder when 2164230 is divided by 721408.
6
Calculate the remainder when 24569 is divided by 141.
35
What is the remainder when 4651079 is divided by 791?
790
Calculate the remainder when 8885 is divided by 4422.
41
What is the remainder when 252051 is divided by 84013?
12
What is the remainder when 4755 is divided by 78?
75
What is the remainder when 1885685 is divided by 604?
601
What is the remainder when 1009 is divided by 170?
159
Calculate the remainder when 9392 is divided by 1820.
292
What is the remainder when 18372 is divided by 317?
303
Calculate the remainder when 357736 is divided by 310.
306
What is the remainder when 4711 is divided by 3069?
1642
What is the remainder when 1238 is divided by 1016?
222
What is the remainder when 662 is divided by 207?
41
What is the remainder when 59797 is divided by 31?
29
Calculate the remainder when 1125211 is divided by 17.
15
Calculate the remainder when 5666 is divided by 1669.
659
Calculate the remainder when 800743 is divided by 126.
13
What is the remainder when 20673 is divided by 303?
69
What is the remainder when 252637 is divided by 20?
17
Calculate the remainder when 1269 is divided by 386.
111
What is the remainder when 23484 is divided by 7828?
0
Calculate the remainder when 108079 is divided by 112.
111
Calculate the remainder when 530925 is divided by 26.
5
Calculate the remainder when 1333 is divided by 140.
73
Calculate the remainder when 5205240 is divided by 597.
594
Calculate the remainder when 3150 is divided by 438.
84
Calculate the remainder when 203183 is divided by 16.
15
What is the remainder when 88201 is divided by 148?
141
Calculate the remainder when 44838 is divided by 12.
6
What is the remainder when 167497 is divided by 33495?
22
Calculate the remainder when 140620 is divided by 925.
20
Calculate the remainder when 560 is divided by 9.
2
Calculate the remainder when 18432 is divided by 368.
32
What is the remainder when 563 is divided by 26?
17
What is the remainder when 389787 is divided by 29?
27
What is the remainder when 23317 is divided by 4660?
17
What is the remainder when 1703 is divided by 6?
5
What is the remainder when 83486 is divided by 196?
186
Calculate the remainder when 367719 is divided by 58.
57
What is the remainder when 2918 is divided by 357?
62
Calculate the remainder when 46872 is divided by 5859.
0
What is the remainder when 9781 is divided by 2426?
77
What is the remainder when 3888 is divided by 41?
34
What is the remainder when 23755 is divided by 516?
19
What is the remainder when 2262 is divided by 36?
30
Calculate the remainder when 5583 is divided by 181.
153
What is the remainder when 8973 is divided by 210?
153
What is the remainder when 2482798 is divided by 12?
10
What is the remainder when 18015 is divided by 51?
12
Calculate the remainder when 41702 is divided by 40.
22
What is the remainder when 210830 is divided by 35128?
62
What is the remainder when 66678 is divided by 4?
2
What is the remainder when 255645 is divided by 7?
5
Calculate the remainder when 12944 is divided by 1848.
8
Calculate the remainder when 49157 is divided by 276.
29
What is the remainder when 24558 is divided by 276?
270
Calculate the remainder when 3322 is divided by 513.
244
Calculate the remainder when 8948 is divided by 1495.
1473
Calculate the remainder when 37842 is divided by 37776.
66
What is the remainder when 5368 is divided by 5368?
0
What is the remainder when 3607 is divided by 719?
12
What is the remainder when 89115 is divided by 14830?
135
Calculate the remainder when 54735 is divided by 3219.
12
What is the remainder when 44832 is divided by 353?
1
Calculate the remainder when 16054 is divided by 1002.
22
What is the remainder when 127072 is divided by 299?
296
Calculate the remainder when 13248 is divided by 1857.
249
Calculate the remainder when 616584 is divided by 48.
24
Calculate th